8.
43730
72 (base 8) to base 14
42
What is -12521 (base 6) in base 7?
-5413
872 (base 11) to base 4
100113
-11712 (base 8) to base 16
-13ca
20000 (base 3) to base 6
430
What is -2322 (base 5) in base 3?
-110111
What is 2304 (base 5) in base 13?
1c4
What is -500e (base 16) in base 5?
-1123434
-313 (base 9) to base 4
-3333
What is -11100 (base 4) in base 8?
-520
1341 (base 11) to base 7
5033
What is -11431 (base 5) in base 14?
-45c
Convert 52 (base 14) to base 10.
72
Convert 13a (base 16) to base 11.
266
Convert -133313 (base 4) to base 12.
-121b
1114 (base 9) to base 6
3451
What is -2 (base 12) in base 15?
-2
What is -29303 (base 12) in base 10?
-57459
Convert -216 (base 8) to base 12.
-ba
What is -285 (base 12) in base 16?
-185
What is -46510 (base 7) in base 2?
-10111010001010
What is -1032 (base 12) in base 14?
-902
-127266 (base 8) to base 16
-aeb6
What is -332 (base 9) in base 13?
-17c
Convert 3486 (base 11) to base 15.
154b
Convert -134322 (base 8) to base 15.
-e044
2004 (base 14) to base 6
41232
Convert c9d (base 14) to base 16.
9bb
Convert -31313003 (base 4) to base 3.
-2212212122
48e (base 15) to base 14
53c
-23310 (base 9) to base 3
-210100100
What is 73050 (base 8) in base 11?
207a9
What is 204332 (base 5) in base 13?
3164
-514 (base 16) to base 13
-790
What is -10330 (base 5) in base 6?
-3151
What is 210112 (base 5) in base 6?
51551
-26d4 (base 15) to base 9
-12341
683 (base 9) to base 4
20301
-15133 (base 10) to base 5
-441013
-10300102 (base 4) to base 3
-222201021
Convert -1b1 (base 14) to base 7.
-1011
What is -210 (base 3) in base 2?
-10101
What is 2132 (base 9) in base 2?
11000100000
What is -11111100 (base 2) in base 13?
-165
84 (base 10) to base 13
66
493 (base 14) to base 15
40d
1201322 (base 4) to base 11
4787
What is -213213 (base 6) in base 4?
-10102221
2051 (base 7) to base 9
882
-3351 (base 6) to base 4
-30103
What is -240641 (base 8) in base 4?
-110012201
Convert 2a95 (base 14) to base 5.
220304
523 (base 9) to base 14
226
Convert 1b3 (base 14) to base 8.
541
What is 12549 (base 13) in base 3?
1201110010
What is -3857 (base 13) in base 6?
-101035
1a680 (base 11) to base 2
111000001011101
Convert -1534 (base 9) to base 16.
-48d
What is 301a (base 11) in base 3?
12111200
7b21 (base 16) to base 7
160620
What is -2b3b (base 12) in base 3?
-20222102
3616 (base 12) to base 10
6066
-172602 (base 8) to base 7
-351144
What is -251a (base 13) in base 10?
-5262
What is -743 (base 13) in base 11?
-a26
Convert 11100000101111 (base 2) to base 6.
150331
29a19 (base 11) to base 3
2011021202
102121002 (base 3) to base 12
4a85
-251 (base 9) to base 6
-544
101011111111 (base 2) to base 12
1767
Convert -112154 (base 6) to base 7.
-36625
What is -2330 (base 5) in base 13?
-202
What is 2020033 (base 4) in base 14?
326b
What is 61602 (base 8) in base 16?
6382
What is -22215 (base 8) in base 15?
-2b8c
768b (base 14) to base 7
113534
-4289 (base 10) to base 8
-10301
Convert -221003 (base 5) to base 3.
-101110112
What is 1210 (base 6) in base 13?
198
Convert 2031101 (base 4) to base 13.
4166
Convert 366 (base 8) to base 16.
f6
What is -328 (base 9) in base 10?
-269
What is 102010 (base 3) in base 7?
606
What is -708 (base 12) in base 6?
-4412
-406 (base 7) to base 8
-312
What is 100000 (base 4) in base 7?
2662
Convert -10011101110 (base 2) to base 10.
-1262
What is 9a65 (base 12) in base 11?
11908
3 (base 12) to base 6
3
Convert -11b5 (base 13) to base 7.
-10221
What is 6b6 (base 14) in base 11?
1005
What is 5034 (base 7) in base 3?
2101110
What is -2487 (base 9) in base 14?
-96d
What is -3512 (base 7) in base 16?
-503
What is 1500 (base 12) in base 4?
212100
What is a13 (base 15) in base 7?
6420
-18004 (base 9) to base 6
-133221
What is 11235 (base 9) in base 12?
43b8
10112102022 (base 3) to base 12
34308
What is -340 (base 14) in base 9?
-785
What is -2700 (base 15) in base 6?
-102313
What is 824b (base 16) in base 7?
166150
Convert -1031012 (base 4) to base 11.
-3786
Convert -21220 (base 4) to base 16.
-268
a3a (base 12) to base 10
1486
What is 9f (base 16) in base 15?
a9
What is 11896 (base 11) in base 14?
62d7
Convert -28dd (base 16) to base 15.
-3176
4cc6 (base 13) to base 3
120001121
What is 7502 (base 11) in base 6?
113540
Convert -28638 (base 10) to base 9.
-43250
Convert 1571 (base 11) to base 6.
13154
-21bc (base 16) to base 13
-3c14
-9429 (base 11) to base 8
-30316
15050 (base 8) to base 14
2624
What is -21ba (base 12) in base 7?
-13624
Convert 13d (base 16) to base 4.
10331
3772 (base 9) to base 14
1055
-13215 (base 8) to base 5
-141043
-1001110111010110 (base 2) to base 15
-be8b
What is -233412 (base 6) in base 11?
-14230
827 (base 10) to base 13
4b8
What is 22a3 (base 13) in base 3?
20200012
What is -43b7 (base 13) in base 10?
-9445
Convert 79 (base 10) to base 14.
59
What is 240210 (base 7) in base 15?
cc83
-903 (base 12) to base 8
-2423
Convert 23239 (base 10) to base 15.
6d44
What is 12030 (base 4) in base 5?
3041
b3c (base 13) to base 2
11101110110
-42643 (base 7) to base 4
-2211313
Convert -720 (base 9) to base 7.
-1464
What is -22212001 (base 3) in base 13?
-2c26
Convert 20022220 (base 4) to base 14.
c292
-12215 (base 7) to base 3
-11101102
What is -6221 (base 7) in base 5?
-32141
-10313 (base 4) to base 5
-2221
302113 (base 4) to base 9
4371
What is 4114 (base 6) in base 2?
1110001110
-301040 (base 6) to base 4
-11300100
Convert 113332 (base 5) to base 14.
1773
Convert -123330 (base 4) to base 14.
-91a
What is -1213b (base 12) in base 3?
-1020110002
211002 (base 4) to base 2
100101000010
What is -4dd (base 16) in base 5?
-14440
What is -22100 (base 9) in base 5?
-432121
Convert 291 (base 16) to base 3.
220100
Convert -20a9 (base 12) to base 10.
-3585
What is 118 (base 12) in base 13?
c8
103a0 (base 11) to base 12
88b6
Convert 10c8 (base 16) to base 4.
1003020
30000 (base 8) to base 11
9261
What is 3a8 (base 13) in base 9?
786
Convert 293 (base 14) to base 9.
638
355 (base 10) to base 16
163
Convert 505d (base 16) to base 15.
6168
Convert -1224 (base 5) to base 2.
-10111101
What is 241531 (base 6) in base 16?
529f
-1101021022 (base 3) to base 13
-c4a0
Convert 3a0 (base 14) to base 11.
602
Convert -110011100010000 (base 2) to base 4.
-12130100
What is 10110211 (base 3) in base 16?
9e5
What is 3482 (base 9) in base 11?
1a40
Convert 36202 (base 7) to base 2.
10010010010001
Convert -1323321 (base 4) to base 14.
-2c65
18976 (base 14) to base 16
f31c
6336 (base 10) to base 5
200321
122211 (base 4) to base 9
2300
What is 1325 (base 6) in base 8?
525
1211121 (base 4) to base 2
1100101011001
What is -10100011111111010 (base 2) in base 3?
-11021011201
What is 126 (base 15) in base 12?
199
What is -55261 (base 8) in base 15?
-6d2c
2153 (base 10) to base 6
13545
1154 (base 6) to base 12
1ba
What is -225bb (base 12) in base 14?
-1298b
What is -110000100011111 (base 2) in base 7?
-132326
-10343 (base 5) to base 6
-3203
Convert 30231 (base 4) to base 9.
1103
Convert 111110110001 (base 2) to base 9.
5453
What is -3210 (base 8) in base 3?
-2021221
What is bbd (base 16) in base 10?
3005
Convert -4130 (base 5) to base 9.
-660
Convert -20214 (base 6) to base 9.
-3601
Convert -17342 (base 9) to base 6.
-131145
Convert -529 (base 12) to base 2.
-1011110001
What is 52 (base 12) in base 3?
2022
-1011001000 (base 2) to base 10
-712
What is -2213111 (base 4) in base 3?
-112200122
-4de (base 16) to base 7
-3430
Convert 9e90 (base 16) to base 10.
40592
What is -2952 (base 12) in base 15?
-165e
Convert 121000 (base 3) to base 13.
273
Convert -1103221 (base 4) to base 16.
-14e9
-4bb (base 15) to base 10
-1076
53116 (base 10) to base 6
1045524
What is bbc (base 13) in base 5?
31024
Convert -15a3 (base 12) to base 3.
-10112020
What is -31133 (base 4) in base 13?
-515
What is -db9 (base 15) in base 6?
-22203
Convert -717 (base 9) to base 7.
-1462
Convert 65355 (base 8) to base 14.
9d93
Convert 2211011 (base 3) to base 6.
13304
What is -4969 (base 11) in base 15?
-1dc8
10010302 (base 4) to base 9
24804
Convert 241 (base 10) to base 2.
11110001
What is 684 (base 13) in base 2?
10001100010
-133151 (base 8) to base 6
-1000105
-2b1 (base 12) to base 4
-12211
What is 34 (base 7) in base 8?
31
Convert 1409 (base 16) to base 7.
20645
What is 5673 (base 8) in